 remainder when j is divided by 46.
24
Let o = -1626 + 1640. Let q(c) = -c + 53. Calculate the remainder when q(0) is divided by o.
11
Suppose -3*l + x = -201, -x = -2*l - 6*x + 117. Calculate the remainder when 459 is divided by l.
63
Suppose 5*k - 3*k - 28 = 0. Let j = -5 + k. Suppose 3*b - j = 15. What is the remainder when 29 is divided by b?
5
Let n(w) = w**3 - 5*w**2 + 5*w + 3. Let p(y) = -13*y - 2. Let i(d) = 6*d + 1. Let k(q) = 5*i(q) + 2*p(q). Calculate the remainder when k(6) is divided by n(4).
4
Suppose 5*d = -v + 152, -3*d - 51 + 147 = 3*v. Let x = 55 - d. Calculate the remainder when x is divided by 14.
11
Suppose -32 = 2*r + 48. Let u = -35 - r. What is the remainder when 22 is divided by u?
2
Let g be (-8)/(-12)*-6 - -4. Suppose -c + 12 + 27 = g. Suppose -c = -2*o + r + 38, 3*r = 4*o - 155. What is the remainder when o is divided by 13?
12
Suppose 5*r + u = 98, 4*r + 0*r + 4*u - 88 = 0. What is the remainder when r is divided by 3?
1
Suppose 6 - 74 = -4*v. Let w(b) = 17*b + 16. Calculate the remainder when w(2) is divided by v.
16
Let t(h) = 23*h + 25. What is the remainder when t(1) is divided by 14?
6
Let v(p) = 13*p**2 + 6*p + 0 - 2 + 4*p**2 - 11*p**2 + p**3. Let o be v(-5). Let w = 24 + o. What is the remainder when w is divided by 5?
2
Suppose -37 = -5*b + c + 15, b = -5*c. Let p(n) = 5*n - 5. Let a be p(6). Suppose -2*t = u - t - 28, a = u + 4*t. What is the remainder when u is divided by b?
9
Let h be (6 + -12)*(0 + 1/(-2)). Suppose 4*s - 108 = -2*o - 26, 2*o = -h*s + 79. What is the remainder when o is divided by 18?
17
Suppose -302 = 4*i - 3*z, -i - 9*z = -14*z + 84. Let r = 93 + i. Calculate the remainder when 131 is divided by r.
17
Let s(k) = 2*k**2 - 5*k - 29. Let c be s(8). Let b = c + -44. Calculate the remainder when 56 is divided by b.
11
Suppose 167 = 5*w - 2*k, 0 = -w - 2*w + 3*k + 93. Suppose 0 = o + 1 - 5. Calculate the remainder when w is divided by ((-6)/(-9))/(o/54).
8
Let o = 76 + -66. Calculate the remainder when 837 is divided by o.
7
Let b(u) = u**2 - 2*u - 5. Let j = -601 + 693. What is the remainder when j is divided by b(-4)?
16
Suppose 0 = -2*h - 6, 6*h - h + 595 = 5*b. Calculate the remainder when b is divided by 28.
4
Let n(h) = h**2 - 14*h - 15. Let s be n(15). Suppose s = 4*x + 29 - 85. What is the remainder when 69 is divided by x?
13
Suppose 0 = 4*n, 2*n = 5*m - 3*n - 175. Let d be ((-28)/m)/((-2)/5). Suppose 0 = d*s - 16 - 16. Calculate the remainder when 47 is divided by s.
15
What is the remainder when -7 - ((-5)/(-1) - 136) is divided by 14?
12
Let s = -33 + 42. Suppose -u = -4*u - 87. Let t = u + 45. Calculate the remainder when t is divided by s.
7
Suppose -3*z = 5*p - 55, -5*p + 9*z - 10*z = -45. Calculate the remainder when 77 is divided by p.
5
Let z = -273 + 276. What is the remainder when 20 is divided by z?
2
Let k be (-2)/(-9)*-3 - (-634)/6. Suppose -3*b = 2*n - k, -2*b = -2*n - b + 93. Calculate the remainder when 190 is divided by n.
46
Let x(w) = 3 - 1 - w + 0 + 1. Let i be x(4). Calculate the remainder when -3 - i/(1/12) is divided by 2.
1
Suppose 7*s - 5*s = -i + 29, 0 = i + 4*s - 39. Calculate the remainder when 93 is divided by i.
17
Let b = 5 - -4. Calculate the remainder when 41 is divided by b.
5
Let y = 1006 + -996. What is the remainder when 34 is divided by y?
4
Suppose -52 = -0*h - 2*h + l, 5*l + 116 = 4*h. Suppose 4*v = -z + 7 + 87, -320 = -5*z + 5*v. What is the remainder when z is divided by h?
22
Let d(v) = -v**3 - v**2 - v + 52. Let r be d(0). Suppose 0 = 4*g - 0*g - r. What is the remainder when 36 is divided by g?
10
Let m = 2 - 4. Let q(l) = -816*l + l**2 - 5*l**3 - 2 + 816*l. Calculate the remainder when q(m) is divided by 11.
9
What is the remainder when ((-2)/(-6) + 17)/((-2)/(-21)) is divided by (-2)/6 - 70/(-3)?
21
Suppose 722 = -32*u + 51*u. Calculate the remainder when 113 is divided by u.
37
Let l(c) = 6*c**2 - 17*c + 46. Calculate the remainder when l(3) is divided by 8.
1
Let l be 2/10 + (-798)/(-10). Suppose 4*d - 2*j - 2 - l = 0, 4*d - j = 85. Suppose 2*x + 83*x = -39*x + 1488. What is the remainder when d is divided by x?
10
Let x(b) = b**2 + 11*b + 3. Let p = 11 - 22. Let a be x(p). Suppose 7 - 46 = -a*d. Calculate the remainder when 62 is divided by d.
10
Let c(g) = -4*g + 1 + g**2 + 4*g. Suppose 5*p + 42*x = 37*x + 230, x = -5*p + 238. Calculate the remainder when p is divided by c(4).
14
Let m(j) = 13*j - 38. What is the remainder when 120 is divided by m(7)?
14
Suppose 5*w + 117 = -0*d + 4*d, -4*d = -2*w - 102. What is the remainder when 61 is divided by d?
15
Suppose -12*l = -169 - 95. What is the remainder when 9*(-4 + l/3) is divided by 16?
14
Suppose 3*m - 86 = y + 3*y, -2*m + 84 = 4*y. Let i = m + -18. Calculate the remainder when 59 is divided by (i/(-6))/(14/(-105)).
19
Let q = 451 + -188. Suppose 262*x = q*x - 17. Calculate the remainder when 81 is divided by x.
13
Calculate the remainder when 21 is divided by 9 + (124/(-155))/((-2)/(-10)).
1
Let m be (77/22)/(-2*1/(-4)). Suppose m + 47 = 2*i. Calculate the remainder when 79 is divided by i.
25
Let o(h) = 126*h - 490. Calculate the remainder when 126 is divided by o(4).
0
Suppose -2*w + 2*q + 104 = 0, -q + 49 = w - 3*q. Suppose -4*m - m = -w. Let g = 652 - 633. What is the remainder when g is divided by m?
8
Suppose j - 33 + 10 = 3*f, 5 = 5*f. Suppose -k = -0*k - 47. What is the remainder when k is divided by j?
21
Suppose -25*f = -1531 + 331. Calculate the remainder when 199 is divided by f.
7
Let i = 16 - 13. Suppose 2*g - k + 6*k = 130, -i*k - 130 = -2*g. Suppose -3*h = 23 - g. What is the remainder when 67 is divided by h?
11
Let o(a) = a + 7. Suppose 13 = -2*b + 6*b + h, 0 = -2*b + 5*h - 21. Suppose 0 = v + 3, -5*r + 0*v + 54 = b*v. What is the remainder when o(r) is divided by 10?
9
Let y = 31 - 15. Suppose -12 + 4 = -4*m. Let p = y + m. What is the remainder when p is divided by 7?
4
Let m be (-40)/(-6) - 6/9. Let x = m - 8. Calculate the remainder when (-70)/8*x*2 is divided by 13.
9
Suppose 2*y = -y - 5*v - 83, 4*y = -4*v - 100. Suppose -4*r + 2*u = -306, 4*r - 308 = -2*u - 22. Let f = y + r. What is the remainder when f is divided by 18?
17
Suppose -192*j + 42 = -191*j. Suppose -18 = -4*l + k, k - 6*k = -10. Calculate the remainder when j is divided by l.
2
Suppose 9*i - 1275 = 1020. Calculate the remainder when i is divided by 43.
40
Let q(l) = -36*l. Let h be q(-1). Suppose 4*c - 73 = d, -5*c + 58 = -4*d - h. What is the remainder when 53 is divided by c?
17
Suppose -4*w + 1267 = 1219. What is the remainder when 739 is divided by w?
7
Suppose 33*l - 10530 = 3*l. What is the remainder when l is divided by 89?
84
Suppose 0 = 6*o - 2*o - 44. Suppose 7*j + 108 = -501. Let u = -46 - j. Calculate the remainder when u is divided by o.
8
Suppose 194*p = 202*p - 472. Calculate the remainder when p is divided by 37.
22
Let h = 104 - 81. Let y(m) = m**3 - 3*m**2 + 5*m - 2. Calculate the remainder when h is divided by y(3).
10
Let h be 8/2 + (20 - 5). Suppose -w + h = 4*w + 2*v, -2*w + 10 = 2*v. Calculate the remainder when 4 is divided by w.
1
Let p be 2/(-11) - (-6)/33. Suppose -n + 0*n + 14 = p. What is the remainder when 53 is divided by n?
11
Suppose 4*q - 39 = 3*q. Let a(l) = -l**2 + 3*l**2 - 42 + q - 3*l + 7*l. Calculate the remainder when 24 is divided by a(-4).
11
Let v = -198 + 298. Suppose -6*c + v = -2. What is the remainder when 50 is divided by c?
16
Suppose 0 = -3*n + 12. Suppose n*x + 0*v = -5*v - 149, 3*v = 3*x + 78. Let a = x - -58. Calculate the remainder when 106 is divided by a.
25
Let t be 497/(-5) + (-9)/15. Let q = 175 + t. What is the remainder when q is divided by 13?
10
Suppose 48 = 68*z - 64*z. Calculate the remainder when 41 is divided by z.
5
Let f(s) = 118*s - 55. Calculate the remainder when 167 is divided by f(1).
41
Let q(y) = y**3 + 9*y**2 + 5*y - 18. Let t be q(-8). Let s(d) = -2*d**3 + 7*d**2 + d + 0*d**2 + 5 + d**3. Calculate the remainder when s(t) is divided by 7.
5
What is the remainder when -7*(-19)/2 + 4/(-8) is divided by 10?
6
Let h(b) = -b**3 - 5*b. Let o be h(-4). Suppose 6*x = 10*x - o. What is the remainder when x is divided by 13?
8
Suppose -4*a - l + 85 = 0, -16 = -5*a + 3*l + 69. Let g = 66 + -9. Calculate the remainder when